 9889789 a multiple of 13?
True
Is 148509847 a multiple of 20?
False
Is 569664140 a multiple of 1306?
True
Does 1685 divide 410385120?
True
Does 156 divide 2457589333?
False
Is 6 a factor of 139384527?
False
Does 421 divide 971498337?
True
Does 13 divide 120428789?
True
Is 4 a factor of 1806324?
True
Does 164 divide 845028330?
False
Is 1925701190 a multiple of 10?
True
Is 249422238 a multiple of 18?
True
Does 11353 divide 1756445336?
True
Is 23748063 a multiple of 41?
False
Is 152761952 a multiple of 161?
True
Does 24 divide 60071112?
True
Is 34100260 a multiple of 488?
False
Does 49 divide 18013439?
False
Does 37 divide 4970580?
True
Is 30 a factor of 25251130?
False
Is 2907046648 a multiple of 34?
True
Is 5 a factor of 111196830?
True
Does 1720 divide 31019698?
False
Does 1302 divide 13156055?
False
Does 153 divide 849402144?
True
Does 9 divide 1044022?
False
Is 126 a factor of 20463698?
False
Is 12 a factor of 54608892?
True
Is 14331408 a multiple of 364?
True
Is 4815628566 a multiple of 602?
True
Does 1004 divide 9839641?
False
Is 2444520 a multiple of 3134?
True
Is 36 a factor of 22858340?
False
Is 3932573 a multiple of 7?
False
Is 141412169 a multiple of 931?
False
Does 87 divide 211132?
False
Is 70371098 a multiple of 19?
True
Is 2 a factor of 18843428?
True
Is 65782091 even?
False
Does 2274 divide 5193816?
True
Is 1689081448 a multiple of 7?
False
Is 82 a factor of 413189209?
False
Is 1875550824 a multiple of 4932?
True
Is 706542137 a multiple of 151?
True
Is 19 a factor of 14360295?
True
Is 20 a factor of 70021820?
True
Does 49 divide 358961701?
True
Is 297 a factor of 464633013?
False
Is 6 a factor of 2742099?
False
Is 8 a factor of 14567088?
True
Is 990599743 a multiple of 7900?
False
Is 55 a factor of 20411818?
False
Does 158 divide 25921378?
False
Is 47 a factor of 19594817?
True
Is 52522529 a multiple of 818?
False
Does 8281 divide 32260921?
False
Does 42 divide 42134232?
True
Is 193483275 a multiple of 256?
False
Does 510 divide 6124527792?
False
Is 29 a factor of 94049436?
True
Is 220852957 a multiple of 13?
True
Is 117 a factor of 681008198?
False
Does 96 divide 57475872?
True
Is 144 a factor of 152161146?
False
Does 3 divide 47308194?
True
Is 185276195 a multiple of 445?
True
Does 71 divide 224024525?
True
Does 163 divide 4645783457?
True
Is 100 a factor of 3144934200?
True
Is 2030844435 a multiple of 543?
True
Is 2619960065 a multiple of 95?
True
Is 34 a factor of 25876918?
False
Does 62 divide 639035929?
False
Is 63 a factor of 3884642?
False
Is 35 a factor of 18669945?
True
Is 2406 a factor of 976383775?
False
Does 10 divide 2886850?
True
Is 23702679 a multiple of 117?
True
Is 165 a factor of 941570247?
False
Is 723767248 a multiple of 809?
False
Does 25 divide 3240436484?
False
Does 26 divide 669759738?
False
Does 62 divide 57147384?
True
Is 928 a factor of 525378848?
True
Does 229 divide 823339975?
False
Is 372937799 a multiple of 706?
False
Is 32751840 a multiple of 33?
True
Does 690 divide 924646754?
False
Is 24 a factor of 279315240?
True
Is 53499490 a multiple of 37?
False
Is 26540773 a multiple of 7?
True
Is 48 a factor of 1707010032?
True
Does 111 divide 722743429?
False
Does 141 divide 1198641141?
True
Is 26816265 a multiple of 189?
True
Is 5485 a factor of 872560138?
False
Does 6395 divide 140626050?
True
Is 18989284 a multiple of 595?
False
Does 49 divide 21352926?
True
Is 98712007 a multiple of 920?
False
Does 21 divide 718221?
True
Is 185718022 a multiple of 74?
True
Does 25 divide 21592489?
False
Is 3873 a factor of 481886406?
True
Does 14 divide 106537152?
False
Is 7 a factor of 23333430?
False
Does 428 divide 58534150?
False
Is 2345 a factor of 52225140?
False
Does 471 divide 67698508?
False
Is 20 a factor of 690893?
False
Is 92 a factor of 34535420?
True
Does 638 divide 86075956?
False
Does 38 divide 3190556?
True
Does 476 divide 9135392?
True
Does 1517 divide 2317839470?
True
Does 265 divide 213994301?
False
Is 187 a factor of 6399140?
True
Is 319 a factor of 21675412?
True
Is 159450820 a multiple of 68?
True
Does 2829 divide 96137078?
False
Is 2554040292 a multiple of 945?
False
Is 682 a factor of 33566087?
False
Is 43011668 a multiple of 133?
True
Does 200 divide 8781000?
True
Is 94368225 a multiple of 1024?
False
Does 81 divide 77519187?
True
Is 116056444 even?
True
Is 2386 a factor of 252249031?
False
Is 304 a factor of 15721360?
True
Does 948 divide 29762256?
False
Is 108 a factor of 4022427384?
True
Is 203949240 a multiple of 66?
True
Is 477 a factor of 216551322?
True
Does 8 divide 1301624?
True
Does 1712 divide 28513360?
True
Is 94157524 a multiple of 112?
False
Does 22 divide 154606620?
False
Does 177 divide 72152280?
True
Does 262 divide 263303188?
True
Does 104 divide 387291507?
False
Is 21 a factor of 9585641?
False
Is 331 a factor of 629959200?
True
Is 16 a factor of 25052348?
False
Does 987 divide 18241734?
True
Is 123488750 a multiple of 1283?
True
Is 104 a factor of 12017234?
False
Is 216269537 a multiple of 2077?
False
Is 10 a factor of 102424848?
False
Is 10 a factor of 421520200?
True
Is 15795120 a multiple of 40?
True
Is 2663446 a multiple of 2?
True
Is 21 a factor of 57478407?
True
Does 20 divide 11612450?
False
Does 276 divide 677512104?
True
Is 149150019 a multiple of 594?
False
Is 59282904 a multiple of 6?
True
Does 2273 divide 104529386?
False
Is 70 a factor of 191815820?
True
Is 680863650 a multiple of 13?
False
Is 1051 a factor of 17992069?
True
Is 10 a factor of 19900710?
True
Is 2234 a factor of 115919997?
False
Is 177 a factor of 350699481?
True
Does 14 divide 180592062?
True
Does 298 divide 22102816?
False
Is 23 a factor of 164416868?
False
Is 3890 a factor of 11025742?
False
Does 488 divide 61589504?
True
Does 3 divide 10128562?
False
Is 951747092 a multiple of 18?
False
Is 56899227 a multiple of 231?
True
Is 13 a factor of 327778586?
False
Is 290 a factor of 75023494?
False
Does 303 divide 291111250?
False
Is 53902150 a multiple of 21?
False
Is 4 a factor of 37838?
False
Is 2492116724 a multiple of 490?
False
Does 17 divide 3052278854?
False
Is 29 a factor of 31906824?
False
Is 401 a factor of 381514207?
True
Is 439536672 a multiple of 96?
True
Is 169661268 a multiple of 84?
True
Is 34169928 a multiple of 39?
True
Does 230 divide 31894790?
True
Is 2656 a factor of 265520320?
True
Does 318 divide 248878566?
True
Is 949383270 a multiple of 466?
False
Is 3029652 a multiple of 23?
True
Is 2240 a factor of 776406400?
True
Does 58 divide 35809838?
True
Is 173257532 a multiple of 518?
True
Is 136 a factor of 50150272?
True
Does 730 divide 80469259?
False
Is 56 a factor of 92578248?
True
Is 22467272 a multiple of 8?
True
Is 105943207 a multiple of 2498?
False
Is 57064547 a multiple of 2?
False
Is 445 a factor of 11817865?
True
Is 4607 a factor of 382841700?
True
Is 3625235 a multiple of 798?
False
Is 3230383209 a multiple of 7347?
False
Is 101 a factor of 15398359?
True
Is 53 a factor of 3117248?
True
Is 3803719 a multiple of 337?
True
Is 387072446 a multiple of 1245?
False
Is 48 a factor of 5731455?
False
Does 415 divide 2203307625?
True
Is 16095118 a multiple of 13?
True
Is 2727 a factor of 56587719?
False
Is 1030 a factor of 2493795608?
False
Is 797343827 a multiple of 1381?
True
Is 431 a factor of 235043264?
True
Is 337 a factor of 1424911140?
False
Is 97204900 a multiple of 598?
True
Is 315726 even?
True
Is 49942216 a multiple of 32?
False
Is 45 a factor of 36564480?
True
Does 619 divide 73233271?
True
Does 961 divide 1587084773?
True
Does 38 divide 4835947488?
True
Does 8 divide 13723350?
False
Is 4329 a factor of 239943755?
False
Is 1534222589 a multiple of 15?
False
Is 9 a factor of 12073930?
False
Is 35 a factor of 1128784649?
False
Is 211080117 a multiple of 2?
False
Is 237 a factor of 1851331443?
False
Is 4214 a factor of 1551796395?
False
Does 501 divide 7142757?
True
Is 378 a factor of 672198912?
True
Is 5071 a factor of 2583716355?
False
Does 61 divide 2595550?
True
Is 31513732 a multiple of 640?
False
Is 195 a factor of 1024725?
True
Does 4 divide 72359299?
False
Does 79 divide 514617376?
True
Is 98 a factor of 1568149156?
True
Is 4800 a factor of 273993320?
False
Is 57 a factor of 2277135916?
False
Is 44153910 a multiple of 2869?
True
Is 32636250 a multiple of